rmine h(a).
-1
Let d(q) be the first derivative of -7*q**4/4 - q - 5112. Let m = 4 - 3. Calculate d(m).
-8
Let r(w) = -w**3 + 9*w**2 - 6*w - 5. Let d be r(8). Suppose -3*m = -5*f + 30, -4*f + 4*m + 13 + d = 0. Let b(t) = -8 - 4 + t + f - 4. Calculate b(6).
-4
Let l(s) = 3*s - 39. Let u(v) = -v + 13. Suppose 0 = -5*d - 0*d, r = 3*d + 2. Let b(j) = r*l(j) + 7*u(j). Let c be 4 - 20/(-50)*4/8*-20. Give b(c).
13
Let r(s) = s**2 + 5*s + 14. Suppose -6*n - 3 = 3*k - 3*n, -27 = 3*k - 5*n. Calculate r(k).
10
Let d = -5548 - -5544. Let w(h) = -h**3 - 2*h**2 + h - 14. What is w(d)?
14
Suppose -2*t - 142 = t + 2*b, 0 = 5*t + 2*b + 242. Let q = t - -105. Let o(f) = -f**2 - f + q - 116 + 62. Give o(1).
-1
Suppose -12 - 20 - 25 = -19*s. Let h(q) be the first derivative of -1/3*q**3 - 7/2*q**2 - s*q - 22. Calculate h(-6).
3
Let q(i) be the second derivative of -2/3*i**4 + 0*i**2 + 0 + 0*i**3 - 1/144*i**6 - 4*i - 1/40*i**5. Let v(w) be the third derivative of q(w). Calculate v(-2).
7
Let y be (-128)/160*(0 + -20). Let v(w) = w**3 - 15*w**2 - 15*w - 28. Calculate v(y).
-12
Let v(j) be the second derivative of -4*j**3/3 - 59*j**2/2 - 190*j - 2. Calculate v(-5).
-19
Let l(m) be the second derivative of -m**5/20 - m**4/2 - m**3/3 + 13*m**2/2 + 1288*m. Calculate l(-5).
-2
Let o = 81 + -74. Suppose -10*h + 33 + o = 0. Let l(m) = 7*m + h - 5*m**2 + 6*m**2 - 12. Calculate l(-7).
-8
Suppose 5*t = 14*t + 8*t. Let b(v) be the third derivative of v**6/120 - v**5/60 + v**4/24 + 2*v**3/3 + 10*v**2. Determine b(t).
4
Let z(y) = y**3 + 7*y**2 + 4*y - 1. Let q = -2607 - -2601. What is z(q)?
11
Let w(i) be the first derivative of i**7/840 + i**6/120 - i**5/30 + i**4/8 - 49*i**3/3 + 37. Let d(b) be the third derivative of w(b). What is d(2)?
15
Let l(v) be the second derivative of -1 - 1/12*v**4 - v**3 + 16*v + 2*v**2. What is l(-7)?
-3
Let z be -29 - (-4 - 0 - -5). Suppose 3*j + 128 = -j. Let g = z - j. Let x(u) = -3*u**3 + 3*u**2 - 2. Determine x(g).
-14
Suppose c - 14 = -5*a, a = -3*c - a + 16. Let d(r) be the third derivative of 0*r - r**3 + 5/24*r**4 - r**2 - 1/12*r**5 + 1/120*r**6 + 0. Calculate d(c).
-2
Let n(b) = -2*b**2 + b - 4. Suppose -58 = v + 30. Suppose 0*t = 5*t + 5, 2*k + t = -183. Let x = v - k. Determine n(x).
-19
Let n(x) = -9*x - 152. Let y(z) = 7*z + 116. Let j(u) = -5*n(u) - 6*y(u). Calculate j(-12).
28
Let i(y) = -3*y - 34. Let z = -336 - -327. Calculate i(z).
-7
Suppose y = -2*a + 14, -5 = -12*a + 7*a + 5*y. Let d(m) be the third derivative of 0 + 5/24*m**4 + 1/6*m**3 + 0*m - 26*m**2 + 1/60*m**a. What is d(-5)?
1
Let o(i) = -i**3 - 5*i**2 + 14*i. Let y be 6/15 + (-448)/(-80). Suppose -f = y + 1. Calculate o(f).
0
Let z(c) = c**3 + 4*c**2 - 2*c + 4. Suppose -2*g + 2*d = 0, 12*g - 5 = 17*g - 4*d. What is z(g)?
-11
Let v(p) = p**3 - 7*p**2 + 2*p - 6. Let w = 927 - 920. Determine v(w).
8
Let k(n) = -n**3 - 6*n**2 - 4*n - 9. Let j = -120 - -136. Suppose -j*v = -19*v - 18. Calculate k(v).
15
Let t(n) = n**2 - 2*n + 4. Suppose 150 = 26*d - 110. Let w(y) = y**3 - 8*y**2 - 22*y + 20. Let r be w(d). Give t(r).
4
Let h(x) = -x**3 - 6*x**2 - 5*x + 6. Suppose 4*l = -8*g + 11*g - 8, -4*g - 5*l - 41 = 0. Let v be (20/8)/(36/(-8) - g). What is h(v)?
6
Let k(c) = 8*c - c**2 + 3*c - 3*c - 5. Let h be (5 - 2) + (-3 - -89)*-1. Let p = h + 89. Determine k(p).
7
Suppose -27 + 99 = 24*s. Let j(x) = x - 1. Let m(b) = 8*b - 2. Let h(c) = -6*j(c) + m(c). What is h(s)?
10
Let r be (5/(-2) - (-30)/20) + 2. Let h(c) be the first derivative of -c**3/3 + 2*c**2 - 6*c + 1. Let j(q) = -q. Let k(s) = r*h(s) - 2*j(s). Calculate k(5).
-1
Let q be 1/(-4 + 59/15). Let i(t) = -2*t**2 - 32*t - 29. Let r be i(q). Let w be -8*(-15)/6*r/(-5). Let n(u) = -2*u. Calculate n(w).
8
Let x(o) = o**3 + 8*o**2 + 2*o + 1. Let s(c) = 18*c - 78. Let z = 40 + -29. Let u be s(z). Suppose 10*w = -5*w - u. What is x(w)?
-15
Let b(g) = -g + 13. Let i be 5*(-3)/(-20) + 330/8. Let f be 7*2 - (i + -39). What is b(f)?
2
Suppose 26*d + 13649 - 13441 = 0. Let v(f) = f**3 + 12*f**2 + 27*f - 38. Calculate v(d).
2
Let r(j) = 2*j - 766*j**2 - 754*j**2 - 771*j**2 + 5 + 8*j + 2310*j**2 + 2*j**3. Calculate r(-9).
-4
Let h(m) = -2*m**3 - 4*m**2 + 8*m - 4. Let y be (5 + -11 - -2)*4/(-16)*-5. What is h(y)?
106
Let t = 22419 - 22428. Let s(v) be the third derivative of -v**5/60 - v**4/3 + 5*v**3/6 + 2*v**2. Determine s(t).
-4
Let u(v) = v**2 + 113*v + 835. Let o be u(-8). Let y(j) = j**3 + 5*j**2 - 4*j - 21. Calculate y(o).
-1
Let b(q) = -3*q**2 + 13*q. Let j(t) = -t**2 + 3*t. Let o(y) = 2*b(y) - 9*j(y). Let x = -250 + 290. Suppose -6 = -46*a + x*a. Calculate o(a).
2
Let l(o) = o**3 + 7*o**2 - 8*o + 2. Suppose 5*m + 3*a = -3 - 3, -3*a = 3*m + 6. Suppose m = -c - 11*c. Let u be (1 - c) + 27/(-3). What is l(u)?
2
Let u(p) = p**3 - 8*p**2 + 4*p + 2. Suppose -n + 2*n - 4*o - 78 = 0, 165 = 2*n - 5*o. Let s = n + -84. Calculate u(s).
-46
Let u(y) = 10*y**2 + 1. Suppose 92 = 11*s - 29. Suppose -5*c - f + 28 = -5*f, c + f = s. Suppose 4*l + 2*a = c, 0*l + 5*a - 14 = -4*l. Give u(l).
11
Let x = 561 + -561. Let r(s) = s + s**3 + 25 + 22 - 60. What is r(x)?
-13
Let l(j) = 6*j + 56 - 32 - 33 - 2*j**2. Let g be l(2). Let w(i) = 2*i - 9. Let t(k) = k - 5. Let z(h) = g*t(h) + 2*w(h). Determine z(-6).
13
Let d(i) = i - 2. Let a(x) = -x - 1. Let k be a(-8). Let o(s) = -s**2 + 7*s - 3. Let u be o(k). Let f be -7 + 0 + (-1 - u). Calculate d(f).
-7
Suppose 23*s - 27*s = 4. Let y(q) = q - 1. Let a(p) = -11*p + 7. Let h(b) = -a(b) - 6*y(b). Calculate h(s).
-6
Let y(a) be the second derivative of -3*a**3/2 + 41*a**2 - 9*a + 222. Determine y(8).
10
Let i(x) = -x**2 + 19*x - 59. Let p(o) = o**3 - 36*o**2 + 201*o + 62. Let f be p(29). What is i(f)?
1
Let h(a) = a**2 - 7*a + 4. Let g(x) = 11*x**3 - 6*x + 3. Let u be g(2). Suppose -o - u = 2*n, -3*n = -2*o - n - 176. Let f = o + 92. What is h(f)?
4
Let j be 2/(-38) - (0 + (-780)/380). Let v(o) = -34*o + 11. What is v(j)?
-57
Let o(u) = -u - 4 + 4 - 10 + 0 - 3. Determine o(-12).
-1
Let g(z) = -z + 2. Suppose -7 = 4*d + 5*q, -4*d - 2*q + 50 = -9*d. Give g(d).
10
Let o be 2/3 + 10/30. Suppose 0 = -2*d + 3*r + 13, -d + 2*d - 3*r - 11 = 0. Let i(b) = 2*b - 3*b + 4*b + 1 + 2*b**d - 5*b. Determine i(o).
1
Let p(t) be the first derivative of -3/2*t**4 - 49 - 1/2*t**2 + 2*t - 4/3*t**3. What is p(-2)?
36
Let n(u) = -3*u - 58. Let w be n(-23). Let y(s) = 10*s + 23 - 5 - 23*s + w*s. Determine y(8).
2
Let q(w) = -w**2 + 6*w + 2. Let z be q(5). Let t(p) = 13*p + 9*p - 41*p + 17*p. Give t(z).
-14
Suppose -25*n = -27*n + 4. Let k(l) = 4 - 11*l**3 + 17 - l + 5*l**2 - 6*l**n. Let p(i) = 5*i**3 - 10. Let z(v) = 4*k(v) + 9*p(v). What is z(5)?
-1
Let f(d) = 8*d**2 + 11*d + 1. Let t(m) = -29*m**2 - 32*m - 5. Let z(h) = -7*f(h) - 2*t(h). Determine z(4).
-17
Let n(o) be the second derivative of -o**7/840 + o**6/60 + o**5/20 - o**4/4 - 53*o**3/3 + 11*o + 3. Let b(g) be the second derivative of n(g). Give b(7).
-13
Let f(l) = -l - 14. Let u be f(-13). Let q(j) = -3*j**2 - 1 + 854*j - 1706*j + 850*j. Give q(u).
-2
Let a = 204 - 829. Let d = a - -618. Let i(p) = p**3 + 6*p**2 - 7*p - 1. What is i(d)?
-1
Let v(q) = -4*q + 1. Let t = -28 + 32. Suppose t*c = -0*c - 3*y + 3, 2*y + 21 = 5*c. Suppose -c = -0*d + d. What is v(d)?
13
Let c = 606 + -588. Let g(f) = c*f - 1 - 3 + 20*f - 41*f. Calculate g(-2).
2
Let y = 917 + -912. Suppose -3 = 3*x + 3*p, -y = x - 23*p + 20*p. Let c(u) = 2*u**3 - 2*u**2 - 3*u - 3. What is c(x)?
-21
Let q(i) be the second derivative of i**3/6 - 9*i**2/2 - 481*i - 3. Calculate q(14).
5
Let z(r) = -4*r**3 + 6*r**2 - 6*r + 9. Let a(b) = b**3 - b**2 + b - 1. Let q(u) = -5*a(u) - z(u). Let o = -1583 + 1580. Give q(o).
11
Let c(f) = f - 5. Let y(z) = 2*z**2 - 4*z - 2. Let n be y(-4). Let b = n + 11. Let q = -50 + b. What is c(q)?
2
Let x(i) = 6*i**2 - 59*i + 1. Suppose 3*f = 5*j - 53, 4*j + 19*f - 39 = 18*f. Calculate x(j).
11
Let o be 5/2*1*2. Let c be 12/7 - 42/(-147). Suppose 4*k - 2*k = -4*a - 20, -2*a = -o*k - c. Let s(j) = -2*j**3 + j + 2. Determine s(k).
16
Let p(f) = -7*f**2 + 2*f - 2. Suppose 121*k - 151 + 30 = 0. What is p(k)?
-7
Let y(j) be the second derivative of -14*j - 9/2*j**2 + 0 - 2/3*j**3. Determine y(-6).
15
Let a(n) = 5*n - 44. Let l(v) = v - 9. Let u(t) = 4*a(t) - 22*l(t). Suppose 23*m = 26*m 